p + 213. Determine d(-24).
-27
Let t(z) = 2*z**3 - 140*z**2 + 273*z - 47. Determine t(68).
21
Let a(q) = -q**2 + 88*q + 2408. What is a(110)?
-12
Let f(m) = -20*m**3 + 560*m**2 + 4*m - 29. Give f(28).
83
Let c(r) = r**3 + 4*r**2 - 29*r + 310. Determine c(-10).
0
Let z(f) = -3*f**2 + 43*f - 19. Calculate z(9).
125
Let y(a) = 2*a**3 + 14*a**2 - 32*a + 14. What is y(-9)?
-22
Let v(i) = -11*i - 121. Determine v(-8).
-33
Let m(q) = -13*q**3 + 4*q**2 - 241*q + 237. Determine m(1).
-13
Let j(p) = -p**2 + 3*p + 12. Calculate j(-5).
-28
Let d(l) = 9*l**2 + 817*l - 137. Give d(-91).
45
Let o(b) = 110*b + 1. What is o(4)?
441
Let o(h) = 216*h - 3239. What is o(15)?
1
Let u(h) = -6*h - 102. Give u(-21).
24
Let a(w) = 89*w**2 + 652*w - 4. Calculate a(-7).
-207
Let t(i) = -6*i**2 - 87*i. Give t(-3).
207
Let j(g) = g**2 - 7*g - 75. Determine j(10).
-45
Let c(f) = -2*f**3 - 58*f**2 + 34*f - 807. What is c(-30)?
-27
Let o(r) = -2*r**2 + 611*r - 2415. What is o(4)?
-3
Let p(b) = 2*b**2 - 43*b + 74. Determine p(22).
96
Let c(r) = -2*r**3 + 45*r**2 + 6*r - 359. Give c(23).
-750
Let i(h) = 275*h**2 + 7*h - 8. Determine i(1).
274
Let p(g) = 102*g**2 + 817*g - 16. Determine p(-8).
-24
Let n(a) = -a**2 + 31*a - 238. Determine n(25).
-88
Let g(k) = 7*k**2 - 191*k + 45. Give g(27).
-9
Let z(p) = -74*p**2 - 667*p - 10. Determine z(-9).
-1
Let x(a) = 36*a - 136. What is x(3)?
-28
Let t(z) = -3736*z + 22418. Give t(6).
2
Let u(l) = -l**3 + 50*l**2 - 42*l - 333. What is u(49)?
10
Let k(h) = -h**3 + 57*h**2 + 903*h - 46310. Calculate k(59).
5
Let n(t) = t**2 + 42*t - 1494. Calculate n(-65).
1
Let w(q) = -6*q**2 - 170*q - 22. Calculate w(-28).
34
Let p(i) = -2*i**2 - 53*i - 330. What is p(-11)?
11
Let d(y) = y**2 + 104*y + 222. Calculate d(-101).
-81
Let k(x) = 26*x**2 - 101*x + 2. What is k(4)?
14
Let v(u) = -u**2 + 56*u + 356. Give v(62).
-16
Let j(a) = -a**3 - 14*a**2 + 79*a - 40. Calculate j(4).
-12
Let d(r) = 3*r**2 + 115*r + 110. Give d(-38).
72
Let c(n) = n**3 - 49*n**2 - 2*n - 143. Determine c(49).
-241
Let z(k) = 15*k**2 - 16*k - 27. What is z(-2)?
65
Let s(d) = 113*d + 1295. Calculate s(-10).
165
Let u(i) = -2*i**2 + 92*i - 1061. Determine u(24).
-5
Let g(l) = 9*l**2 - 23*l - 16. Determine g(4).
36
Let q(b) = 84*b + 583. What is q(-7)?
-5
Let t(o) = 99*o - 683. What is t(7)?
10
Let i(d) = 3*d**2 - 6*d - 28. Determine i(12).
332
Let f(g) = -25*g - 90. Give f(-3).
-15
Let p(t) = -t**2 + 41*t - 269. What is p(33)?
-5
Let b(a) = 18*a**2 - 26*a - 18. What is b(2)?
2
Let z(p) = -520*p - 9947. Determine z(-19).
-67
Let x(r) = 10*r**2 - 352*r + 74. Calculate x(35).
4
Let h(y) = -3*y**3 + 125*y**2 - 1199*y - 9. Determine h(15).
6
Let n(v) = -528*v + 6826. Give n(13).
-38
Let c(k) = k**3 - 18*k**2 - 40*k - 3. Calculate c(-2).
-3
Let h(v) = -v**3 + v**2 + 46*v + 235. Calculate h(9).
1
Let f(x) = -4*x - 41. What is f(-5)?
-21
Let m(j) = j**3 + 6*j**2 - 18*j + 27. Calculate m(4).
115
Let s(v) = -2*v**2 - 100*v + 602. Calculate s(-54).
170
Let l(h) = -5*h**2 + 106*h - 20. Give l(21).
1
Let z(k) = k**3 - 12*k**2 + 34*k + 13. Determine z(8).
29
Let a(u) = -10*u**2 - 1529*u - 3055. Calculate a(-2).
-37
Let w(s) = -56*s + 58. What is w(1)?
2
Let q(x) = x**3 + 2*x**2 - 172*x + 40. Determine q(-15).
-305
Let q(x) = x**3 + 35*x**2 + 155*x + 36. Give q(-30).
-114
Let k(g) = -g**2 + 47*g + 311. Give k(53).
-7
Let l(n) = n**3 - 47*n**2 + 546*n - 6. Calculate l(21).
-6
Let c(v) = -2*v**3 + 23*v**2 - 85*v + 1170. What is c(12)?
6
Let v(u) = -u**3 + 21*u**2 - 33*u - 105. What is v(19)?
-10
Let d(s) = 5*s**2 + 378*s - 113. Give d(-76).
39
Let u(i) = 6*i**3 - 2*i + 2. What is u(1)?
6
Let x(h) = 326*h - 2895. Calculate x(9).
39
Let f(c) = -c**2 - 43*c + 102. Give f(-20).
562
Let c(d) = -218*d - 1247. What is c(-5)?
-157
Let x(r) = r**3 + 10*r**2 - 37*r + 53. What is x(-13)?
27
Let g(o) = -2*o**3 - 64*o**2 + o + 65. Determine g(-32).
33
Let c(r) = -r**2 + 313*r - 9716. Determine c(35).
14
Let c(d) = -3*d**2 + 20*d - 69. Calculate c(9).
-132
Let c(q) = q**2 + 196*q + 6680. Give c(-152).
-8
Let v(f) = 73*f - 353. Calculate v(5).
12
Let w(j) = -34*j - 257. Determine w(-21).
457
Let v(u) = 6*u + 83. What is v(0)?
83
Let q(k) = 68*k - 199. What is q(3)?
5
Let j(u) = u**3 - 17*u**2 + 29*u - 20. What is j(15)?
-35
Let g(t) = -49924*t - 4. What is g(0)?
-4
Let n(k) = 999*k + 82923. Calculate n(-83).
6
Let m(j) = -j**3 - 58*j**2 - 109*j + 151. Give m(-56).
-17
Let c(n) = -35*n - 1067. What is c(-27)?
-122
Let a(d) = -d**3 + 78*d**2 + 245*d - 171. Determine a(81).
-9
Let f(p) = 3*p**2 - 10*p - 102. What is f(11)?
151
Let q(c) = -10*c - 97. Calculate q(-16).
63
Let z(o) = -o**2 + 45*o - 2. Calculate z(2).
84
Let h(f) = -29*f - 1234. Give h(-46).
100
Let g(y) = -y**3 - 3*y**2 + 8*y - 335. Calculate g(-8).
-79
Let i(h) = h**3 + 15*h**2 - 12*h - 371. Calculate i(-14).
-7
Let c(p) = -7*p**2 + p + 9. Determine c(5).
-161
Let x(u) = u**3 - 23*u**2 - 8*u + 104. Determine x(23).
-80
Let x(t) = -175*t - 1764. Calculate x(-10).
-14
Let o(m) = -116*m - 1022. Calculate o(-9).
22
Let r(m) = 560*m**2 - 11*m - 12. Determine r(-1).
559
Let m(p) = 1238*p - 21051. What is m(17)?
-5
Let p(o) = -2347*o - 39906. Determine p(-17).
-7
Let k(l) = l**3 + 15*l**2 + 43*l - 37. Determine k(-8).
67
Let g(h) = 8*h + 325. Give g(-22).
149
Let g(m) = m + 17. Calculate g(-1).
16
Let x(k) = -k**3 + 26*k**2 - 111*k + 127. What is x(21)?
1
Let c(l) = 2298*l - 18430. Give c(8).
-46
Let z(q) = q**2 - 33*q - 1991. Give z(-31).
-7
Let i(g) = g**2 - 54*g - 466. What is i(58)?
-234
Let y(i) = 114*i**2 - 562*i - 14. Calculate y(5).
26
Let y(g) = -2*g**2 - 1990*g + 9958. Give y(5).
-42
Let i(d) = 2*d**2 + 2172*d - 24117. Calculate i(11).
17
Let h(t) = -t**2 + 354*t + 2549. Calculate h(-7).
22
Let f(d) = 186*d + 2233. Give f(-12).
1
Let l(h) = 2*h**2 + 52*h + 87. What is l(-2)?
-9
Let f(l) = -l**2 + 35*l - 265. Determine f(21).
29
Let b(p) = -p**2 - 14*p + 21. What is b(-24)?
-219
Let s(k) = 5*k - 62. What is s(-27)?
-197
Let q(y) = 67*y - 39. Calculate q(4).
229
Let a(d) = -12*d + 564. Give a(53).
-72
Let a(d) = -473*d - 6. Calculate a(0).
-6
Let f(a) = -7*a - 500. Calculate f(-66).
-38
Let f(h) = 2*h**3 - 140*h**2 + 153*h - 1049. Give f(69).
-14
Let g(m) = m**3 + 10*m**2 + 20*m + 57. Determine g(-8).
25
Let k(z) = -58*z + 524. Give k(9).
2
Let r(z) = 2*z**3 + 3*z**2 - 54*z + 14. Determine r(5).
69
Let d(l) = -l**3 + 17*l**2 + 7*l + 111. What is d(18)?
-87
Let k(l) = -11*l - 136. Determine k(-10).
-26
Let c(u) = -u**3 + 25*u**2 - 43*u - 214. What is c(22)?
292
Let v(i) = i**3 - 20*i**2 + 83*i - 2. Determine v(16).
302
Let x(w) = -2*w**3 + 81*w**2 + 42*w - 19. Calculate x(41).
22
Let l(u) = -u**3 + 12*u**2 - 13*u - 144. What is l(7)?
10
Let b(w) = w**3 + w**2 + w - 7. Give b(2).
7
Let k(f) = 62*f + 128. Determine k(-1).
66
Let g(r) = -5301*r + 68912. What is g(13)?
-1
Let j(t) = -6*t + 326. Determine j(18).
218
Let t(x) = -3*x**3 + 6*x**2 + 19*x + 4. What is t(4)?
-16
Let u(m) = -m**2 - 43*m - 463. Determine u(-22).
-1
Let l(x) = 28*x + 9. Determine l(-4).
-103
Let u(g) = -30*g - 7150. What is u(-238)?
-10
Let d(s) = s**3 - 12*s**2 + 16*s + 33. Give d(14).
649
Let x(f) = -f**3 - 105*f**2 - 501*f - 9. What is x(-5)?
-4
Let w(y) = -21*y**2 - 106*y + 99. Determine w(-5).
104
Let g(l) = l**3 + 48*l**2 + 57*l + 472. Calculate g(-47).
2
Let b(p) = 23*p**2 - 244*p + 143. Calculate b(10).
3
Let u(k) = 349*k - 15. Calculate u(0).
-15
Let i(n) = 2*n**3 - 12*n**2 - 54*n - 1. Calculate i(-3).
-1
Let d(i) = -4*i**3 - 152*i**2 + 26. Calculate d(-38).
26
Let j(b) = -3*b**3 + 3*b**2 - 9*b + 7. Determine j(5).
-338
Let t(o) = o**2 + 158*o + 4593. Give t(-40).
-127
Let p(u) = -4*u**2 - 45*u - 7. Give p(-14).
-161
Let g(p) = p**3 - 26*p**2 + 50*p - 70. Give g(24).
-22
Let x(t) = 59*t - 909. Determine x(16).
35
Let g(q) = 3*q**2 - 52*q - 40. What is g(17)?
-57
Let j(l) = 21*l**2 + 12*l - 63. What is j(-3)?
90
Let n(c) = -255*c - 2543. Calculate n(-10).
7
Let t(j) = 106*j + 1008. What is t(-10)?
-52
Let y(g) = -403*g**2 - 40*g + 43. What is y(1)?
-400
Let t(d) = 4*d**2 + 33*d - 545. Determine t(18).
1345
Let m(g) = -3609*g - 3605. Give m(-1).
4
Let m(p) = -p**3 - 129*p**2 - 253*p - 32613. Determine m(-129).
24
Let c(j) = 10*j**2 - 261*j + 38. What is c(26)?
12
Let r